ide 512383965?
False
Does 821 divide 437146376?
True
Is 1822476 a multiple of 348?
True
Is 178761057 a multiple of 1810?
False
Is 45 a factor of 194931967?
False
Is 648030285 a multiple of 4977?
True
Is 1323 a factor of 681146736?
False
Does 1418 divide 246785884?
True
Does 755 divide 1312455760?
True
Is 4654431327 a multiple of 159?
True
Is 28 a factor of 62813811?
False
Is 26192735 a multiple of 7?
False
Is 8 a factor of 18021640?
True
Is 7 a factor of 713796?
False
Does 678 divide 1784156891?
False
Is 22 a factor of 420562846?
True
Is 177226692 a multiple of 29?
False
Is 118 a factor of 92662096?
True
Does 6 divide 71307722?
False
Is 57 a factor of 65000406?
True
Is 221222275 a multiple of 17?
True
Is 68 a factor of 3258764?
True
Is 18875963 a multiple of 1192?
False
Does 138 divide 10021698?
True
Does 247 divide 48234276?
False
Is 33620418 a multiple of 18?
True
Is 16 a factor of 124925568?
True
Does 1367 divide 102279235?
False
Is 302885478 a multiple of 2331?
True
Does 39 divide 14609712?
True
Is 852 a factor of 36662084?
False
Does 247 divide 12846223?
True
Is 415290560 a multiple of 40?
True
Is 53469726 a multiple of 2193?
True
Is 25507951 a multiple of 34?
False
Is 8 a factor of 170891883?
False
Does 79 divide 46541953?
False
Is 12 a factor of 557127350?
False
Is 62 a factor of 39518304?
True
Is 10 a factor of 154607400?
True
Does 4 divide 1381099?
False
Is 73474860 a multiple of 1695?
True
Is 32 a factor of 176632896?
True
Is 1760741436 a multiple of 199?
False
Does 14 divide 55595209?
False
Is 960 a factor of 223449544?
False
Is 144 a factor of 1946928528?
True
Is 261535639 a multiple of 2691?
False
Is 190 a factor of 354948037?
False
Is 2032534812 a multiple of 28?
True
Does 67 divide 2134853166?
False
Does 21 divide 29838060?
True
Is 191065139 a multiple of 41?
False
Is 20 a factor of 2996227?
False
Is 241394347 a multiple of 1189?
True
Does 281 divide 77498604?
False
Is 38886588 a multiple of 441?
False
Is 1967428 a multiple of 29?
False
Is 24 a factor of 2623253250?
False
Does 1686 divide 367451898?
True
Does 470 divide 69358650?
False
Is 1072 a factor of 134792208?
True
Is 2190548592 a multiple of 48?
True
Is 10 a factor of 65767550?
True
Does 32 divide 151172384?
True
Does 3023 divide 2312159688?
True
Is 72 a factor of 284237640?
True
Is 3390 a factor of 88892668?
False
Is 42103174 a multiple of 2137?
True
Is 13 a factor of 26250497?
True
Does 3634 divide 2797336912?
True
Is 73 a factor of 957363172?
True
Is 7749186 a multiple of 11?
False
Does 177 divide 920286182?
False
Is 66 a factor of 28020300?
True
Is 180215035 a multiple of 35?
True
Does 214 divide 808145952?
False
Does 97 divide 5536818?
False
Is 7129356 a multiple of 598?
True
Does 573 divide 230490396?
True
Does 304 divide 69145235?
False
Does 293 divide 1323433237?
False
Does 193 divide 142101958?
False
Does 321 divide 1968722532?
True
Does 717 divide 757309063?
False
Does 27 divide 7747939?
False
Does 854 divide 26376644?
True
Is 2322616 a multiple of 143?
False
Is 135618238 a multiple of 6?
False
Is 5 a factor of 141548817?
False
Is 37416593 a multiple of 18?
False
Does 720 divide 26569294?
False
Does 97 divide 1696530?
True
Does 12 divide 107516568?
True
Does 4 divide 111218148?
True
Is 126 a factor of 277207307?
False
Is 57624910 a multiple of 70?
True
Does 544 divide 1010406530?
False
Is 23604586 a multiple of 263?
False
Does 20 divide 10872020?
True
Is 745687 a multiple of 5?
False
Does 316 divide 16620732?
False
Is 105042301 a multiple of 13?
True
Is 9587 a factor of 2265580666?
True
Is 20925578 a multiple of 664?
False
Is 554 a factor of 69755248?
True
Is 526 a factor of 84924804?
True
Is 1028 a factor of 683428333?
False
Is 13 a factor of 3271164?
True
Does 43 divide 6295531?
False
Does 11 divide 4499132?
True
Is 11 a factor of 823718?
False
Is 1137 a factor of 15511044?
False
Is 14 a factor of 1708654304?
True
Does 539 divide 15654177?
True
Does 2179 divide 6685195969?
True
Is 42 a factor of 282227190?
True
Does 220 divide 148897676?
False
Does 609 divide 111796566?
True
Is 2917109581 a multiple of 12?
False
Does 1703 divide 51934688?
True
Is 3858 a factor of 1103103298?
False
Is 5789056 a multiple of 98?
True
Is 209472978 a multiple of 99?
False
Is 3477 a factor of 900174438?
True
Is 149051769 a multiple of 642?
False
Does 1412 divide 57353540?
False
Is 67653712 a multiple of 8?
True
Is 2195 a factor of 110439230?
True
Is 5842220 a multiple of 34?
True
Is 3780159206 a multiple of 1487?
True
Does 122 divide 56682360?
False
Is 19 a factor of 44060981?
True
Is 2247 a factor of 91612437?
True
Does 57 divide 699443340?
False
Is 1128 a factor of 167524920?
True
Is 111936825 a multiple of 2485?
True
Is 435 a factor of 116782275?
True
Is 1138 a factor of 2120714210?
True
Is 9014400 a multiple of 5?
True
Is 72 a factor of 507593664?
True
Is 24915536 a multiple of 152?
True
Is 67680998 a multiple of 682?
True
Does 684 divide 647297928?
True
Does 274 divide 135382784?
False
Is 43706998 a multiple of 73?
True
Is 112706610 a multiple of 323?
False
Is 46873320 a multiple of 39?
True
Is 638 a factor of 22457600?
True
Is 63 a factor of 742234089?
False
Is 80 a factor of 488813920?
True
Is 1124525671 a multiple of 257?
False
Does 2205 divide 18374265?
True
Is 82386124 a multiple of 37?
True
Is 5 a factor of 61689465?
True
Is 38181403 a multiple of 27?
False
Is 5379 a factor of 351646543?
False
Is 741 a factor of 305645457?
True
Is 97596318 a multiple of 6?
True
Is 3 a factor of 2363797?
False
Is 22398939 a multiple of 9?
True
Is 160655653 a multiple of 13?
False
Is 59 a factor of 1536006?
True
Does 179 divide 1987147937?
False
Does 288 divide 487212763?
False
Does 172 divide 95005404?
True
Is 319 a factor of 2714548045?
True
Is 6523672 even?
True
Is 657293369 a multiple of 2657?
False
Is 64696086 a multiple of 26?
True
Is 79387938 a multiple of 43?
False
Is 234690141 a multiple of 107?
False
Is 77 a factor of 51416981?
True
Does 2849 divide 188821201?
False
Is 260 a factor of 2718061580?
True
Is 37241192 a multiple of 424?
True
Does 621 divide 67616396?
False
Is 202777077 a multiple of 295?
False
Does 644 divide 229903492?
True
Does 1382 divide 917163235?
False
Is 57139361 a multiple of 885?
False
Is 434413584 a multiple of 452?
True
Is 126629237 a multiple of 959?
True
Is 495 a factor of 8208321?
False
Is 1561 a factor of 457758567?
True
Does 911 divide 102852559?
False
Is 19 a factor of 555613143?
True
Is 15162384 a multiple of 395?
False
Is 4430236 a multiple of 8?
False
Is 614283414 a multiple of 186?
True
Is 34735330 a multiple of 203?
True
Is 478143264 a multiple of 96?
True
Is 19206494 a multiple of 21?
False
Is 17 a factor of 10211696?
True
Is 403988364 a multiple of 15?
False
Is 340011840 a multiple of 192?
True
Is 92 a factor of 11102284?
True
Does 206 divide 249708516?
False
Does 31 divide 410699501?
True
Does 767 divide 21936330?
False
Is 922686906 a multiple of 15?
False
Is 222 a factor of 103104970?
False
Is 16984564 a multiple of 11?
False
Does 549 divide 146671938?
True
Is 40 a factor of 15391576?
False
Does 1341 divide 8275237?
False
Does 6 divide 3393718?
False
Is 9 a factor of 318870?
True
Does 47 divide 22339523?
True
Does 47 divide 8762492?
True
Is 12 a factor of 17562756?
True
Does 322 divide 436437663?
False
Is 2152548 a multiple of 4?
True
Is 4336 a factor of 52149072?
True
Is 139 a factor of 17737242?
False
Does 9 divide 132285042?
True
Is 115204848 a multiple of 8?
True
Does 22 divide 73891730?
True
Does 375 divide 266606618?
False
Does 7 divide 27194012?
False
Is 551 a factor of 29196388?
True
Is 46463313 a multiple of 6787?
False
Is 234648885 a multiple of 1245?
True
Is 27461707 a multiple of 536?
False
Is 130638810 a multiple of 1356?
False
Is 1071236640 a multiple of 480?
True
Is 262 a factor of 345205698?
True
Is 12842585 a multiple of 655?
True
Does 37 divide 301051499?
True
Is 515068046 a multiple of 74?
True
Is 940328151 a multiple of 21?
True
Does 7 divide 1351465743?
False
Is 597 a factor of 115086078?
True
Is 899 a factor of 44086822?
False
Is 84 a factor of 51850075?
False
Is 2370228 a multiple of 294?
True
Is 2539 a factor of 1463939159?
True
Is 31 a factor of 57014380?
False
Does 358 divide 677909109?
False
Is 38191032 a multip